 -3*i - 207 = -n, -422 = -4*n + 2*n + 2*i. What are the prime factors of n?
3, 71
Suppose 7*a - 12*a = -680. What are the prime factors of a?
2, 17
Let t = 56 - 13. List the prime factors of t.
43
Suppose 4*o - 21 = c, 4*c = -0*c - 20. Suppose 2*t = 7*t - 55. Suppose o*g = 1 + t. What are the prime factors of g?
3
Suppose w = 2*c - w - 64, -5*c - 2*w = -139. List the prime factors of c.
29
Suppose -8 = 5*v - 3. Let d = v + -3. Let p = 6 - d. What are the prime factors of p?
2, 5
Let i = -8 - -12. Suppose 3*m = -2*p + 78 - i, 0 = -3*p - 2*m + 101. What are the prime factors of p?
31
Suppose 297 = -3*i + 6*i. Suppose 0 = -4*q + 17 + i. List the prime factors of q.
29
Let y(k) = 5*k**2 - 2*k. Let u be y(1). Suppose -2*r - 122 = 5*t - 321, 4*t + u*r - 155 = 0. What are the prime factors of t?
41
Let n = -4 + 6. Suppose 0*o = -n*o - 6, o - 6 = -g. What are the prime factors of g?
3
Suppose k - 3*j + 4 = -20, -98 = 5*k - 4*j. Let w be 1*(1*-2 - 28). Let h = k - w. What are the prime factors of h?
2, 3
Let q(u) = 1 + 4*u - 2*u - 3*u - 2. List the prime factors of q(-10).
3
Let a(j) = -j**3 + 12*j**2 + 10. Suppose -5*o - 2 = -62. List the prime factors of a(o).
2, 5
Let h(a) = 6*a - 7. What are the prime factors of h(2)?
5
Let y(h) = 25*h**3 + 2*h**2 - 2*h + 1. List the prime factors of y(1).
2, 13
Suppose 2*d - 4*s + 416 = 4*d, s = -3. List the prime factors of d.
2, 107
Let h = -44 - -74. Let w = 0 - 16. Let f = w + h. What are the prime factors of f?
2, 7
Suppose 5*p + 3*b = 161 + 60, 4*p - 5*b - 162 = 0. What are the prime factors of p?
43
Let z(w) = w**3 - w**2 - w - 1. Let v be z(0). Let m(k) = -6*k**2 - 1. Let s be m(v). List the prime factors of (-74)/(-14) - (-2)/s.
5
Let w = 15 + -21. Let x be (w - -4) + 6*1. Suppose 5*n + 4*c = 31 + x, 4*n = -4*c + 24. What are the prime factors of n?
11
Suppose -j + 8 = j. Suppose j*h + 28 = 8*h. Let n = h + -4. What are the prime factors of n?
3
Suppose -3*u - 4*a + 211 = 0, 2*u + 139 = 4*u + a. List the prime factors of u.
3, 23
List the prime factors of 4 + (3/12 - (-8449)/28).
2, 3, 17
Suppose 3*u = 4*n + 110, -4*n + 7*n = -6. What are the prime factors of u?
2, 17
Let k(y) = 4*y + y - 6*y - 1 - 1. List the prime factors of k(-9).
7
Suppose -78 = -3*w + 942. What are the prime factors of w?
2, 5, 17
Let s be (12/4)/((-3)/(-2)). Suppose -y - 80 = -s*p + 3*y, 4*p = -y + 169. What are the prime factors of p?
2, 3, 7
Let g = 20 - -3. List the prime factors of g.
23
Suppose 5*l = -4*n + 53, n - l = -0*n + 11. What are the prime factors of n?
2, 3
Suppose -z + 4*i = -6, -2*z + 0*i + 7 = -3*i. Suppose -z*s = -10, 2*g = -2*g - 2*s + 62. What are the prime factors of g?
13
Suppose -4*m + 4*n + 184 = 0, 2*n + 3 + 3 = 0. Suppose -m = -2*u - 5*d, 2*d = -u + 5*u - 26. List the prime factors of u.
3
Let b = 8 + 11. Suppose -o + b = 4. List the prime factors of o.
3, 5
Let q be (4/(-6))/(4/24). What are the prime factors of (-10)/q*(-2 + 8)?
3, 5
Suppose 3*i + 2*l + 3*l = 122, 0 = i - 5*l - 34. What are the prime factors of i?
3, 13
Suppose 5*f = 120 + 50. List the prime factors of f.
2, 17
Suppose -74 = -7*j + 6*j. What are the prime factors of j?
2, 37
Suppose 0 = 3*n - l - 9 + 31, -5*n = l + 50. Let o be 6/n*45/(-6). Suppose -u + 23 = 3*x - 5, -o*u + x = -60. List the prime factors of u.
13
What are the prime factors of (-4 + -1)*(-12)/10?
2, 3
List the prime factors of -1 + (-845)/(-3) + 64/(-96).
2, 5, 7
Let c(u) = u**3 + 4*u**2 + 4*u + 3. Let n be c(-3). Let f = 5 + n. List the prime factors of f.
5
Let d = -10 - -35. Let j be d*(21/(-5) - -3). Let t = j + 45. List the prime factors of t.
3, 5
Let p(z) = -4*z. Let t be p(-1). Let f = -1 + t. Suppose 7 = 4*c - m, 0 = c - 2*c + f*m - 12. List the prime factors of c.
3
Let u = -73 + 132. What are the prime factors of u?
59
Let g(d) = -d - 1. Let z be g(-4). Suppose s - 4*q = -q + 3, -4*s = -z*q + 6. Let c(n) = n**2 + 2*n + 4. List the prime factors of c(s).
7
Suppose 2*p - 13 = 91. Suppose -h + 6*h = -5*z + 65, 4*z + 3*h = p. Suppose -2*n + z = -q, 4*q + 36 = -n + 5*n. List the prime factors of n.
2
What are the prime factors of (-8)/5 - (-24)/40 - -51?
2, 5
List the prime factors of ((-2120)/160)/(1/(-28)).
7, 53
Suppose 3*f - 2*f = 0. Suppose f = -0*v - v + 32. Let z = v + -22. What are the prime factors of z?
2, 5
Let p = -78 - -184. Suppose 0*a = -3*y + 5*a + p, 0 = -4*a - 8. List the prime factors of y.
2
Let n(u) = 10*u**2 + 2*u - 1. Let z be n(2). Let i = z + -24. What are the prime factors of i?
19
What are the prime factors of 70/(3 - 1) + 3?
2, 19
Suppose 2*n + 2*v = -n + 20, 3*v = -6. Let b be 5/2*(-1 + -1). Let d = n + b. List the prime factors of d.
3
Suppose -3*y - 5 = 5*k + 5, -3*k = 6. Suppose 0 = -4*i, y = -8*w + 3*w + 5*i + 65. What are the prime factors of w?
13
Suppose 89 = 4*l + 25. Suppose 0 = -0*z + z - l. List the prime factors of z.
2
Let x = 22 + -17. What are the prime factors of x?
5
Let w = -3 - 0. Let r be (-2 - 0)*w/(-2). Let l = -1 - r. List the prime factors of l.
2
Let n be 2/(-6) - 20/(-15). Let v = n - -5. List the prime factors of v.
2, 3
What are the prime factors of 1/(-2)*124/(-2)?
31
Let v = -312 - -447. List the prime factors of v.
3, 5
Let w(x) = -x**3 - 4*x**2 + 2. Let b be w(-4). Let t be (1/(b/20))/2. Suppose 0 = t*y + 15, -r - y - 3 = 2*y. List the prime factors of r.
2, 3
Suppose 0 = 4*d - 8 - 0. List the prime factors of 3 - (2 - (d + -1)).
2
Suppose 0*p - 3*p + 12 = 0, 2*p = -5*s + 963. What are the prime factors of s?
191
Let c(s) = -s - 3. Let p be c(-7). Let f be 2/5 - 8/20. Suppose -3*m + 14 + p = f. What are the prime factors of m?
2, 3
Let g(j) = -j**2 - 21*j + 8. Let x be g(-9). Suppose 6*d = 2*d + 3*h + x, -14 = -d - 3*h. List the prime factors of d.
2, 13
Let n = 42 - 29. What are the prime factors of n?
13
Let c(w) = -w**2 - 4*w + 1. Let n be c(-6). Let t(f) = -f**2 - 12*f - 9. What are the prime factors of t(n)?
2
Let z(h) = 2*h**2 - 13*h + 36. What are the prime factors of z(12)?
2, 3, 7
Let x = 66 - 45. Let j = x + -7. List the prime factors of j.
2, 7
Suppose -3*j = -31 - 41. List the prime factors of j.
2, 3
Let g(x) be the first derivative of -x**5/60 - x**4/3 - x**3/6 + x**2/2 + 1. Let n(o) be the second derivative of g(o). List the prime factors of n(-6).
11
List the prime factors of (69/12)/((-7)/(-28)).
23
Suppose f - 11 = 6*x - 3*x, -2*x + 4*f = 14. Let l(u) = -3*u + 4. What are the prime factors of l(x)?
13
Suppose -5*b + 4*y = 8, 0*y - y + 2 = -4*b. Suppose b = 2*s - 45 + 13. What are the prime factors of s?
2
Suppose 17*h - 19*h + 42 = 0. List the prime factors of h.
3, 7
Suppose 5*j - 22 = 3*j - 4*x, 4*x = -5*j + 67. What are the prime factors of j?
3, 5
Let n(u) = -11*u**2 - 19*u + 8. Let y(v) = -5*v**2 - 9*v + 4. Let d(s) = -6*n(s) + 13*y(s). Let w be 4/(-6)*81/(-18). List the prime factors of d(w).
2
What are the prime factors of 25/10*18/15?
3
Let r(o) = 49*o**2 + 2*o - 3. List the prime factors of r(1).
2, 3
Let y(a) = -2*a + 19. What are the prime factors of y(-16)?
3, 17
Let n(g) = g**3 + 14*g**2 - 21*g + 10. Let f be n(-15). Suppose 0*d - f = -3*o - 2*d, 67 = 2*o + d. What are the prime factors of o?
2, 17
Suppose 2*n + 3 = 4*p - 3*p, p + 4*n - 3 = 0. Let f be (4*1)/((-20)/(-50)). Suppose -3*h - s + f = s, 12 = 3*h + p*s. What are the prime factors of h?
2
Let p = 38 - 56. Let z = 52 + p. List the prime factors of z.
2, 17
Let k be (-458)/(-14) - (-2)/7. Let s = k - 15. Let p = -13 + s. What are the prime factors of p?
5
Let i = 10 + -1. Let b = i - -8. List the prime factors of b.
17
List the prime factors of 2 - -2 - (-3 - 52).
59
Let p(f) = f**3 + 5*f**2 + 3. Let y be p(-5). Suppose 2*w = -2*w + 72. Suppose -y*h + w = -h. List the prime factors of h.
3
List the prime factors of 5/15 + 122/3.
41
Suppose -103 = -3*h + 92. Suppose 2*n - 2*k = 62, 0*n - 2*n - k = -h. List the prime factors of n.
2
Suppose 0 = -r - 4*r + 125. Suppose 4*b + 37 = -23. What are the prime factors of (b/r)/((-2)/30)?
3
Let s = -2 + 5. Suppose -2*x + s = -x. What are the prime factors of x?
3
Let c be 21/((-9)/12*-2). Suppose -2*l = -4*m + m - c, -5*m - 18 = -2*l. List the prime factors of l.
2
Let v(g) = g**3 + 5*g**2 + g. Let k be v(-4). Let u = 115 - 205. What are the prime factors of (4/(-6))/(k/u)